29
What is 2012121 (base 5) in base 9?
48104
-62aa1a (base 11) to base 14
-1c41a1
Convert 122111310020 (base 4) to base 15.
915e4b
-3873669 (base 12) to base 15
-e93cc9
Convert 113012112 (base 6) to base 8.
10010054
Convert -113200302012 (base 4) to base 14.
-b662c6
Convert -688e2 (base 15) to base 5.
-41122022
What is 1041104 (base 7) in base 6?
2422545
Convert -4332d9 (base 16) to base 4.
-100303023121
What is -5597849 (base 10) in base 15?
-75894e
Convert -212522 (base 6) to base 4.
-10101002
-100000110000110000 (base 2) to base 14
-36c92
-104233033 (base 5) to base 4
-1300231023
What is -161110 (base 7) in base 12?
-16364
-4c6e98 (base 15) to base 7
-43116314
What is -31625136 (base 7) in base 12?
-aa0029
What is 541102 (base 7) in base 2?
10110111101010001
What is c16333 (base 13) in base 5?
2122412213
Convert 23051234 (base 7) to base 6.
111045052
43757 (base 8) to base 10
18415
-188c83 (base 13) to base 7
-5160046
312330044 (base 5) to base 13
36340c
Convert -322331133000 (base 4) to base 16.
-ebd7c0
What is -587893 (base 13) in base 14?
-3c9d6c
Convert -1332221311 (base 5) to base 3.
-20101122122010
What is 2221105 (base 6) in base 7?
643460
What is -a7227 (base 13) in base 14?
-7bb7a
What is -110342115 (base 7) in base 16?
-65751c
205600 (base 8) to base 11
474a5
-1041441311 (base 5) to base 12
-928b74
1161101 (base 7) to base 6
3110555
What is -303012002 (base 4) in base 12?
-a1142
1143231013 (base 5) to base 14
508183
Convert -1220000021000 (base 3) to base 2.
-11110101000111110110
-6c838 (base 13) to base 9
-333134
22434240 (base 5) to base 4
301123031
What is 163713a (base 13) in base 11?
4048326
-1100011001111000000100 (base 2) to base 4
-30121320010
-11025024 (base 9) to base 5
-2331044244
Convert 235414 (base 9) to base 7.
1130206
What is 46560 (base 10) in base 14?
12d7a
Convert -111110210 (base 3) to base 2.
-10011001011110
1abc86 (base 15) to base 9
2408820
-34303434 (base 6) to base 11
-658348
What is b3b19b (base 15) in base 7?
132416144
What is -14217557 (base 8) in base 7?
-36235514
What is -20000002122 (base 3) in base 16?
-1cd99
211aaa (base 11) to base 12
1444b8
What is -d522 (base 16) in base 6?
-1100334
432d3 (base 15) to base 11
136265
Convert -39a34 (base 12) to base 6.
-1410504
What is -115bb (base 12) in base 16?
-5b1f
Convert 12222200101002 (base 3) to base 5.
1303313412
What is 35401 (base 12) in base 14?
1c05b
5a7534 (base 11) to base 7
11113366
-2020050 (base 6) to base 14
-26d66
What is -2100210121 (base 3) in base 9?
-70717
-100233103 (base 4) to base 6
-1245231
Convert -295893 (base 10) to base 9.
-500800
Convert 28870 (base 13) to base 6.
1344301
33125550 (base 6) to base 7
11266323
-120120122210101 (base 3) to base 12
-293369a
Convert -17135 (base 9) to base 11.
-8937
Convert -67a14 (base 12) to base 15.
-2ad2d
-53b56c (base 13) to base 6
-110055350
What is -840205 (base 9) in base 11?
-310838
What is -168935 (base 10) in base 15?
-350c5
3111001021 (base 4) to base 12
360b21
Convert -57ef9 (base 16) to base 15.
-71ac5
Convert -1610756 (base 8) to base 14.
-c0bdc
Convert -5a2690 (base 11) to base 12.
-3a0900
What is -22110212102111 (base 3) in base 13?
-c19582
What is -2013121231 (base 4) in base 6?
-15515341
-b0795 (base 12) to base 7
-1643162
Convert -2062012 (base 7) to base 8.
-751037
Convert 11233 (base 6) to base 16.
645
What is -2c7134 (base 14) in base 5?
-344243330
Convert -4b437 (base 16) to base 6.
-10335115
-1223123100 (base 4) to base 14
-b64da
What is 3065210 (base 9) in base 2?
110001111110010000001
-16334 (base 9) to base 3
-120101011
What is -63686 (base 9) in base 6?
-522553
3a98410 (base 12) to base 13
254a5ca
What is 70400 (base 10) in base 9?
116512
What is -14362 (base 11) in base 10?
-20396
What is 470940 (base 11) in base 5?
142412244
What is -7767 (base 15) in base 8?
-61321
Convert -5065218 (base 9) to base 16.
-29346b
Convert -20211102222 (base 3) to base 5.
-13300314
Convert -54957 (base 10) to base 5.
-3224312
-82712 (base 11) to base 7
-1011515
Convert -302657 (base 10) to base 9.
-511145
What is -2b021 (base 12) in base 2?
-1110110001011001
-120043553 (base 6) to base 9
-4202256
-165136 (base 9) to base 10
-102174
Convert 101011001101011011111011 (base 2) to base 8.
53153373
Convert -3202130311 (base 4) to base 5.
-214140131
3a054 (base 14) to base 10
142762
45e26c (base 15) to base 13
8cb701
Convert -1a1791a (base 12) to base 10.
-5508454
What is -1026247 (base 9) in base 16?
-86116
Convert -4103013202 (base 5) to base 7.
-130063355
Convert 61a404 (base 16) to base 11.
3680715
Convert -1332333030 (base 4) to base 5.
-113121030
Convert -233130213 (base 4) to base 9.
-325526
What is 10656a1 (base 11) in base 10?
1866899
676797 (base 11) to base 10
1077732
121605342 (base 7) to base 3
112100202111200
What is 1115513 (base 6) in base 7?
325113
What is -290b49 (base 13) in base 5?
-224022210
61874 (base 12) to base 14
345cc
What is -4344142324 (base 5) in base 4?
-203232131123
Convert -2d85d3 (base 14) to base 6.
-54130541
Convert -140615 (base 8) to base 13.
-19726
Convert -1c4500 (base 15) to base 12.
-567590
What is -11133131 (base 4) in base 15?
-69e8
Convert 1012528 (base 11) to base 6.
102204415
1403a2 (base 11) to base 8
655672
3251103 (base 7) to base 3
202021021100
2350440 (base 6) to base 15
267e3
-175e4 (base 15) to base 9
-124617
Convert -953247 (base 10) to base 2.
-11101000101110011111
100100011010011101100001 (base 2) to base 10
9545569
aa65a6 (base 13) to base 5
2011401303
What is 77155473 (base 8) in base 7?
260565344
-291658 (base 15) to base 9
-3645832
What is 412365 (base 11) in base 14?
133337
Convert -2171451 (base 9) to base 3.
-2012101111201
What is 5256a6 (base 13) in base 14?
381b18
-208452 (base 9) to base 3
-20022111202
-10002222211102 (base 3) to base 2
-110010011101000000000
21333020 (base 4) to base 2
1001111111001000
What is -741757 (base 11) in base 14?
-22d009
-1000341021 (base 5) to base 3
-10200211122211
What is 430118 (base 10) in base 14?
b2a6a
-1324056 (base 7) to base 12
-84a39
4675c6 (base 13) to base 9
3128734
Convert 100010000011100011 (base 2) to base 16.
220e3
Convert -573540 (base 12) to base 7.
-14600553
Convert 65393 (base 10) to base 3.
10022200222
1000550 (base 7) to base 12
582b5
What is -626b6 (base 12) in base 9?
-215703
-809701 (base 10) to base 7
-6611434
What is 241432422 (base 5) in base 6?
40032120
1101222201000 (base 3) to base 14
1566dc
Convert -1ab415 (base 15) to base 16.
-13e476
2002063 (base 7) to base 4
321213331
What is -3134626 (base 8) in base 14?
-179cb4
What is 1100010010110110010001 (base 2) in base 14?
5dc773
-a3527 (base 14) to base 9
-658578
Convert -1313501 (base 7) to base 9.
-281528
Convert -9cc06b (base 16) to base 8.
-47140153
9ba120 (base 12) to base 8
11365450
789342 (base 11) to base 15
19c618
What is -332230112 (base 4) in base 15?
-51145
What is -539864 (base 10) in base 6?
-15323212
Convert -56aa2 (base 15) to base 4.
-1003111001
Convert -1466 (base 9) to base 6.
-5053
Convert 61102 (base 8) to base 4.
12021002
What is -628aa0 (base 11) in base 16?
-f5fc4
-34151544 (base 6) to base 5
-231303422
-7c7b07 (base 13) to base 10
-2959028
Convert -1011101100001101110 (base 2) to base 16.
-5d86e
Convert -121022120101 (base 3) to base 15.
-6526a
5111255 (base 6) to base 4
323033303
What is 791580 (base 10) in base 9?
1435753
-204203424 (base 5) to base 12
-350221
Convert 1295381 (base 10) to base 7.
14003423
What is -98b20 (base 14) in base 10?
-369880
What is -1655304 (base 9) in base 3?
-1201212100011
Convert 101011111010101 (base 2) to base 9.
33753
a140a (base 11) to base 9
245305
What is 301551452 (base 6) in base 7?
61420634
67188 (base 13) to base 6
4001510
Convert -20020210111000 (base 3) to base 11.
-196a198
What is -172456 (base 12) in base 16?
-61302
2021212101 (base 3) to base 6
544444
Convert 22246600 (base 7) to base 5.
443143304
What is -a9c954 (base 14) in base 12?
-1b1873a
Convert -221122403 (base 5) to base 7.
-11066401
Convert -1002022112110 (base 3) to base 9.
-1068473
Convert -543258 (base 10) to base 12.
-222476
What is -471130 (base 11) in base 2?
-10110110101010010000
What is 103245253 (base 6) in base 12?
749829
404037 (base 12) to base 16
f4b2b
What is 360551 (base 10) in 